e factors of 113338.
2, 61, 929
List the prime factors of 24697.
24697
List the prime factors of 10148.
2, 43, 59
What are the prime factors of 3160130?
2, 5, 17, 29, 641
List the prime factors of 1210191.
3, 23, 17539
What are the prime factors of 572310?
2, 3, 5, 6359
List the prime factors of 1504391.
7, 214913
What are the prime factors of 26634961?
2389, 11149
List the prime factors of 372363.
3, 124121
What are the prime factors of 1282745?
5, 151, 1699
What are the prime factors of 496378?
2, 248189
What are the prime factors of 690266?
2, 345133
List the prime factors of 4986487.
11, 453317
List the prime factors of 197372.
2, 7, 19, 53
List the prime factors of 184720.
2, 5, 2309
List the prime factors of 31177.
31177
What are the prime factors of 336514?
2, 113, 1489
What are the prime factors of 1808855?
5, 109, 3319
List the prime factors of 157541.
257, 613
List the prime factors of 954082.
2, 37, 12893
What are the prime factors of 7911749?
17, 337, 1381
List the prime factors of 1147963.
59, 19457
What are the prime factors of 1496391?
3, 13, 17, 37, 61
What are the prime factors of 735043?
735043
List the prime factors of 370308.
2, 3, 30859
What are the prime factors of 13069258?
2, 103, 63443
What are the prime factors of 727023?
3, 11, 22031
List the prime factors of 6708343.
6708343
What are the prime factors of 38738?
2, 7, 2767
What are the prime factors of 4984510?
2, 5, 151, 3301
What are the prime factors of 3117048?
2, 3, 11, 11807
List the prime factors of 800167.
163, 4909
What are the prime factors of 6571389?
3, 11, 43, 421
List the prime factors of 7091946.
2, 3, 393997
What are the prime factors of 2121137?
89, 23833
What are the prime factors of 7257146?
2, 13, 279121
List the prime factors of 1581143.
401, 3943
List the prime factors of 7864531.
167, 47093
List the prime factors of 339957.
3, 1399
List the prime factors of 567583.
557, 1019
What are the prime factors of 247956?
2, 3, 20663
What are the prime factors of 226196?
2, 193, 293
List the prime factors of 10863859.
10863859
List the prime factors of 2966544.
2, 3, 7, 109
List the prime factors of 467449.
17, 31, 887
List the prime factors of 6425390.
2, 5, 409, 1571
What are the prime factors of 2285603?
601, 3803
List the prime factors of 608145.
3, 5, 40543
What are the prime factors of 399951?
3, 14813
List the prime factors of 7921296.
2, 3, 55009
What are the prime factors of 1897310?
2, 5, 337, 563
What are the prime factors of 203295?
3, 5, 13553
List the prime factors of 9198231.
3, 7, 1277
What are the prime factors of 13697956?
2, 53, 64613
What are the prime factors of 4605977?
4605977
What are the prime factors of 318303?
3, 11789
List the prime factors of 548813.
79, 6947
List the prime factors of 5620629.
3, 7, 267649
What are the prime factors of 72217?
257, 281
List the prime factors of 5668603.
23, 193, 1277
List the prime factors of 664631.
11, 23, 37, 71
What are the prime factors of 717867?
3, 31, 83
What are the prime factors of 5223125?
5, 61, 137
List the prime factors of 2166358.
2, 29, 41, 911
What are the prime factors of 464337?
3, 51593
List the prime factors of 158161.
158161
List the prime factors of 1263928.
2, 157991
What are the prime factors of 1761919?
1761919
What are the prime factors of 319782?
2, 3, 223, 239
What are the prime factors of 118919?
109, 1091
What are the prime factors of 1690856?
2, 241, 877
List the prime factors of 2893420.
2, 5, 144671
List the prime factors of 2590725.
3, 5, 34543
List the prime factors of 1873164.
2, 3, 139, 1123
List the prime factors of 1386442.
2, 89, 7789
List the prime factors of 439084.
2, 31, 3541
List the prime factors of 1719422.
2, 97, 8863
List the prime factors of 15021697.
15021697
List the prime factors of 1287938.
2, 643969
What are the prime factors of 1300866?
2, 3, 7, 47, 659
List the prime factors of 728533.
13, 56041
What are the prime factors of 2079980?
2, 5, 7, 83, 179
List the prime factors of 1459476.
2, 3, 71, 571
What are the prime factors of 10413327?
3, 571, 6079
What are the prime factors of 5100590?
2, 5, 11, 89, 521
What are the prime factors of 187694?
2, 13, 7219
List the prime factors of 426405.
3, 5, 7, 31, 131
List the prime factors of 198723.
3, 7, 9463
List the prime factors of 460762.
2, 101, 2281
List the prime factors of 749708.
2, 23, 29, 281
What are the prime factors of 282380?
2, 5, 7, 2017
List the prime factors of 225471.
3, 17, 4421
List the prime factors of 614445.
3, 5, 13, 23, 137
List the prime factors of 3016220.
2, 5, 23, 79, 83
List the prime factors of 35411462.
2, 17705731
List the prime factors of 1309346.
2, 79, 8287
What are the prime factors of 20979991?
3001, 6991
List the prime factors of 9658.
2, 11, 439
What are the prime factors of 116172?
2, 3, 7, 461
What are the prime factors of 102712?
2, 37, 347
List the prime factors of 9270.
2, 3, 5, 103
What are the prime factors of 546076?
2, 136519
List the prime factors of 13991078.
2, 6995539
What are the prime factors of 16693368?
2, 3, 349, 1993
List the prime factors of 497279.
497279
What are the prime factors of 50577?
3, 23, 733
What are the prime factors of 3100884?
2, 3, 258407
What are the prime factors of 422660?
2, 5, 7, 3019
What are the prime factors of 28504980?
2, 3, 5, 7, 7541
List the prime factors of 400896.
2, 3, 29
What are the prime factors of 55418?
2, 11, 229
List the prime factors of 1106616.
2, 3, 7, 941
List the prime factors of 10197084.
2, 3, 127, 6691
List the prime factors of 33183.
3, 1229
What are the prime factors of 5632276?
2, 13, 89, 1217
What are the prime factors of 93936?
2, 3, 19, 103
What are the prime factors of 1668115?
5, 333623
What are the prime factors of 3427994?
2, 1713997
What are the prime factors of 716080?
2, 5, 8951
What are the prime factors of 1428252?
2, 3, 7, 347
What are the prime factors of 34965467?
73, 461, 1039
What are the prime factors of 2597013?
3, 101, 2857
List the prime factors of 2389884.
2, 3, 7, 23, 1237
What are the prime factors of 40834?
2, 17, 1201
List the prime factors of 77156.
2, 19289
What are the prime factors of 939389?
11, 23, 47, 79
What are the prime factors of 133697?
133697
List the prime factors of 54510.
2, 3, 5, 23, 79
List the prime factors of 2282886.
2, 3, 126827
What are the prime factors of 5553270?
2, 3, 5, 61703
What are the prime factors of 43190?
2, 5, 7, 617
What are the prime factors of 956246?
2, 29, 16487
What are the prime factors of 284094?
2, 3, 5261
What are the prime factors of 5165845?
5, 73, 14153
List the prime factors of 186045.
3, 5, 79, 157
What are the prime factors of 14099759?
23, 229, 2677
What are the prime factors of 2909485?
5, 659, 883
What are the prime factors of 77640?
2, 3, 5, 647
What are the prime factors of 349742?
2, 31, 5641
What are the prime factors of 21014904?
2, 3, 875621
List the prime factors of 71072.
2, 2221
List the prime factors of 888494.
2, 71, 6257
What are the prime factors of 408611?
7, 31, 269
List the prime factors of 3352534.
2, 1676267
What are the prime factors of 651029?
651029
What are the prime factors of 609456?
2, 3, 12697
What are the prime factors of 152521?
43, 3547
List the prime factors of 1528248.
2, 3, 37, 1721
List the prime factors of 79476.
2, 3, 37, 179
List the prime factors of 38861.
38861
What are the prime factors of 236053?
236053
List the prime factors of 13990452.
2, 3, 7, 151, 1103
What are the prime factors of 24907234?
2, 11, 43, 113, 233
List the prime factors of 4636141.
4636141
What are the prime factors of 3351067?
1249, 2683
List the prime factors of 438715.
5, 87743
What are the prime factors of 90573?
3, 7, 19, 227
What are the prime factors of 211923?
3, 47, 167
List the prime factors of 110706.
2, 3, 18451
What are the prime factors of 1390935?
3, 5, 7, 13, 1019
What are the prime factors of 1242005?
5, 248401
List the prime factors of 24240.
2, 3, 5, 101
List the prime factors of 30284731.
61, 496471
List the prime factors of 11700278.
2, 109, 191, 281
What are the prime factors of 13009447?
11, 1182677
What are the prime factors of 305843?
19, 16097
What are the prime factors of 907914?
2, 3, 7, 21617
What are the prime factors of 4172211?
3, 463579
What are the prime factor